-6*4/6*1. Let s(r) = -5*r - 1. Let x(a) = -a + 5. Calculate the remainder when s(n) is divided by x(-5).
9
Suppose -v + 5*f = -163, 339 = 4*v + 5*f - 388. Suppose -30 = 2*k - v. Suppose 0 = 5*s - k + 14. Calculate the remainder when 23 is divided by s.
11
Suppose 5*l - 82 - 128 = 0. What is the remainder when 83 is divided by l?
41
Let b = 243 + -240. Suppose 0 = 3*h - 5 - 7. Suppose 0 = 4*z + 5*p - 29, 0*z - h*z + 5*p = -59. What is the remainder when z is divided by b?
2
Let m(c) = -c**3 + 6*c**2 - 5*c + 5. Calculate the remainder when 3 + (-250)/(-15) + (-6)/9 is divided by m(5).
4
Let l(k) = -14*k - 5. Calculate the remainder when l(-3) is divided by 19.
18
Suppose -2*n + 152 = 10. Calculate the remainder when n is divided by 12.
11
Let o(m) = 2*m**2 + m - 5. What is the remainder when o(5) is divided by 13?
11
Suppose -91 = -3*y + 419. Suppose 6 - 52 = -m. What is the remainder when m is divided by y/7 - 14/49?
22
Let n(s) = s**3 + 6*s**2 - 7*s. Let z be n(-7). Suppose -20 = -2*p - z*p. Calculate the remainder when 19 is divided by p.
9
Let k(v) = 2*v**3 - 15*v**2 + 8*v - 1. Calculate the remainder when 8 is divided by k(7).
2
Let f(o) be the first derivative of 2 - 2*o - 5/3*o**3 + 5/2*o**2 + 1/4*o**4. Calculate the remainder when f(5) is divided by 8.
7
Let l(z) = 15*z - 1. Suppose 2 = 4*c - 18, 3*u + c - 8 = 0. What is the remainder when 26 is divided by l(u)?
12
Let z(k) = -12*k - 1. Let v be z(-2). Let w = -12 + v. What is the remainder when 31 is divided by w?
9
Let r be (3 - 2)*(4 + 1). Let s = r - 2. Suppose -5 = -l + s. What is the remainder when l is divided by 5?
3
Let d(a) = 16*a + 1. Let b(g) = -65*g - 4. Let p(t) = -2*b(t) - 9*d(t). What is the remainder when p(-3) is divided by (-19)/(-2) + 6/4?
8
Let i be 2/(8/5)*52. Suppose -i = -3*b + 49. Calculate the remainder when b is divided by 20.
18
Let o(m) = -3*m - 2. Let l be o(-3). Suppose -4*h = -l*h - 87. Let p = h - -70. What is the remainder when p is divided by 14?
13
Suppose 5*y - 148 = 52. Calculate the remainder when y is divided by 15.
10
Let d = 37 - 24. Calculate the remainder when d is divided by 8.
5
Let i = 8 + -3. Suppose -i*g + 40 + 75 = 0. Suppose 8 = 2*l - l - h, 0 = l + h - 16. Calculate the remainder when g is divided by l.
11
Suppose 2*s - w + 3*w = -12, 2*s = 2*w - 16. Suppose 9 = -3*g - 39. What is the remainder when 40 is divided by 6/(g/s + -2)?
19
Let m = -2 - -5. Suppose u - m*j - 39 = 1, 3*u + j = 70. What is the remainder when u is divided by 13?
12
Suppose 5*u + 2 = -2*t, -5*u - 1 = 5*t - 11. Suppose 40 = 5*h - 3*h + t*g, -72 = -5*h - 3*g. Calculate the remainder when 23 is divided by h.
11
Let j(x) = 6*x + 40. Calculate the remainder when 94 is divided by j(-4).
14
Suppose 43 = -2*s + 3*s. Suppose -5*f + 22 = -s. Calculate the remainder when 25 is divided by f.
12
Suppose 5*r = 4*z + 79, z = -0*z + 4. Calculate the remainder when 74 is divided by r.
17
Let s be -4 - 0 - 0 - -2. Let x(h) = h**3 + h + 11. What is the remainder when x(0) is divided by 0 + (s - (-6)/1)?
3
Let r be 5/(15/27) + -4. Suppose r*i + 4*q - 22 = 14, 2*q = 2*i. Let v(p) = -8*p - 2. What is the remainder when v(-2) is divided by i?
2
Suppose 0 = 8*l + 5 - 37. Calculate the remainder when (1/2)/((-1)/(-20)) is divided by l.
2
Suppose -2*s + 0*s - 24 = 0. Let y be (-130)/(-8) - (-3)/s. Let w = y + 2. Calculate the remainder when w is divided by 10.
8
Let t(x) = x + 9. Let b(a) = -a + 1. Let y be b(5). Suppose 6*s - 2*s = -5*l - 7, -2*s + l = -7. What is the remainder when t(y) is divided by s?
1
Suppose -41 - 7 = -3*h. Let w = 22 - h. Calculate the remainder when w is divided by 4.
2
Suppose 18*c = 21*c - 12. What is the remainder when c is divided by 2?
0
Let g(x) = -x**3 + 12*x**2 + x - 12. Let c be g(12). Suppose o = c, r - o = 6 + 56. What is the remainder when r is divided by 16?
14
Suppose -7*m + 3*m + 4*b + 288 = 0, -3*b = 3*m - 192. What is the remainder when m is divided by 14?
12
Let n(q) = -q - 6. What is the remainder when 7 is divided by n(-10)?
3
Suppose -c = -2*c - 2. What is the remainder when (4 + c)*(-28)/(-8) is divided by 2?
1
Let v(x) = x**3 - 5*x**2 - 6*x + 14. Calculate the remainder when 27 is divided by v(6).
13
Let h = 9 - 15. Let w be (-6)/4*8/h. Suppose 2*g + w*d - 18 = 0, 50 = g + 3*g - 3*d. Calculate the remainder when g is divided by 6.
5
Let n = -38 + 74. Let m(a) = a**3 + 7*a**2 + 4*a + 5. Let p be m(-6). Let c = 36 - p. Calculate the remainder when n is divided by c.
17
Suppose -5*p = -q - 7, 0 = 3*p - 4*p + 5. What is the remainder when 52 is divided by q?
16
Suppose 2*m - 5*m + 159 = 0. Suppose 0 = -3*l + 16 + m. Calculate the remainder when l is divided by 13.
10
Suppose -2*l + 11 = -l. Calculate the remainder when -24*3/(18/(-8)) is divided by l.
10
What is the remainder when 86 is divided by (3/(-12))/(8/(-928))?
28
Let c(l) = l - 7. Let n be c(11). What is the remainder when 43 is divided by (11/n)/((-5)/(-40))?
21
Calculate the remainder when (-15)/((11/(-2))/11) is divided by 22.
8
Suppose 0 = 4*b - 0*b. Suppose -4*k + 232 - 92 = b. Calculate the remainder when k is divided by 18.
17
Suppose 0 = -h - 3*h + 8. Suppose 2*f + 0*f - h*q = 14, 3*q + 17 = f. What is the remainder when f is divided by 2?
0
Suppose 0 = -5*q + 4*q, -4*a + 3*q = -12. What is the remainder when 11 is divided by a?
2
Let z be 1/3 - (-10)/6. Suppose -2*i + 5 = 3*y - 0*i, 4*y + z*i = 4. Let a = y - -44. What is the remainder when a is divided by 11?
10
Let r = -5 - -10. Suppose -r*m - 19 + 54 = 0. Calculate the remainder when m is divided by 5.
2
Suppose d - 23 + 0 = 0. Let v(t) = 1. Let l(n) = -n**3 + 7*n**2 - n - 10. Let g(k) = -l(k) - 5*v(k). Calculate the remainder when d is divided by g(7).
11
Let g = 3 - 5. Let q(m) = m**3 + m**2 + 2*m + 3. Let w be q(g). Calculate the remainder when 42 is divided by (3 + w)*-1*11.
20
Let m = 39 - -119. Calculate the remainder when m is divided by 53.
52
Suppose 7 = 3*v - 8. Suppose v*j - 4*j = 26. Calculate the remainder when j is divided by 14.
12
Suppose -3*l + 12 = 0, 5*m - 4*l = -3*l + 91. Let z = 51 + -15. Calculate the remainder when z is divided by m.
17
Let k(g) = -g**3 + 7*g**2 - 4*g - 3. Suppose -5*w + 26 = 1. Calculate the remainder when k(w) is divided by 14.
13
Let p = -7 + 27. What is the remainder when p is divided by 11?
9
Suppose 5*a + 25 = 5*j, -3*j - 4*a = -19 - 3. Suppose j*c - 4 = 2*c. What is the remainder when 34/2 + c*-1 is divided by 9?
7
What is the remainder when 16 is divided by (-30)/3*(-3)/6?
1
Let g = 12 + 19. Let s = 21 + -5. What is the remainder when g is divided by s?
15
Let z = 61 - 50. Let o(b) = -b**2 + 8*b + 6. Calculate the remainder when o(5) is divided by z.
10
Let g(s) = -s**3 - 11*s**2 + 10*s + 9. Calculate the remainder when g(-12) is divided by 18.
15
What is the remainder when 103 is divided by (3 - -1) + (4 - -13)?
19
Let n(c) = -15*c. Calculate the remainder when n(-2) is divided by 11.
8
Let k = 1 - 1. Suppose -4*l + 97 = -5*u, u + 4*u - 15 = k. Suppose 2*w = -4, 3*w + 51 = g + 2*g. Calculate the remainder when l is divided by g.
13
Let r(i) = -i**3 - 5*i**2 + 5*i + 2. Suppose 13 = 2*c - c. Calculate the remainder when c is divided by r(-6).
5
Let s(l) be the third derivative of -l**4/3 - l**3/2 + 3*l**2. Suppose -10 = -5*u + 10. Calculate the remainder when s(-2) is divided by u.
1
Let a(g) = -g + 19. Let k be a(14). Suppose 4*m - 24 = -r - 3*r, -30 = -k*m - 2*r. Suppose -2*h = h - 33. Calculate the remainder when h is divided by m.
5
Let z = 146 + -142. Calculate the remainder when 15 is divided by z.
3
Let x be (-162)/(-15) + (-2)/(-10). Suppose h - 11 = x. Suppose 3*l = -5*s + 61, 3*s = 4*l - 18 - 15. What is the remainder when h is divided by l?
10
Let i(r) = -r**3 + 6*r**2 - 5*r + 1. Calculate the remainder when 23 is divided by i(4).
10
Let z(g) = -6*g**3 + g. Suppose 0 = -4*b + 25 + 31. Calculate the remainder when b is divided by z(-1).
4
Calculate the remainder when (-92)/(-8)*(-1 + 3) is divided by 9.
5
Let r(k) = 6*k**2 + 5*k + 1. Let s(n) = n**2 - 1. Let j(z) = r(z) - 5*s(z). Calculate the remainder when 1/(2/34*1) is divided by j(-5).
5
Let p(u) = -u**3 - 2*u**2 + 5*u - 4. Suppose -6*l = -l, -5*h = -4*l + 25. Let f be p(h). Suppose 44 = 3*q - f. Calculate the 